 5*m + 27 = 0. What are the prime factors of n?
2
Let s(g) be the first derivative of g**4/12 + g**3/2 - 4*g**2 - 2*g - 1. Let i(f) be the first derivative of s(f). What are the prime factors of i(-6)?
2, 5
Let z(p) = -p**3 - 15*p**2 + 15*p - 11. Let r be z(-16). Suppose 0 = -2*k + 3*k - r*b - 32, 5*b + 158 = 4*k. List the prime factors of k.
2, 3, 7
Suppose 0 = 3*y - r - 137, -7*y + 174 = -3*y + 3*r. What are the prime factors of y?
3, 5
Suppose 4*d = -i + 150, 5*d = -i + 4*i - 365. What are the prime factors of i?
2, 5, 13
Let h(d) = -d**3 - 7*d**2 - 2. Let b be h(-5). Suppose -2*k + 18 = -4*n, -3*n + 0*k - 3 = -5*k. List the prime factors of b/n - 16/24.
2
Let z(w) = w**2 + 5*w - 4. Let a be z(-6). Suppose -b = -2*n - 10 + 60, 52 = a*n - 2*b. Suppose -6*g + n = -3*g. What are the prime factors of g?
2
Suppose 5*x - 169 - 26 = 0. List the prime factors of x.
3, 13
Let h be -1*(-12)/(1 + 2). Suppose 5*f - 7 - 42 = -h*k, -42 = -5*f + 3*k. Suppose -3*q - 5*c = -3*c - 6, 3*q = -c + f. List the prime factors of q.
2
Let v(u) = u**3 + 5*u**2 + 2*u - 3. Let c be v(-4). Let w = -187 - -263. Suppose k = c*k - w. List the prime factors of k.
19
Let o(c) = c**3 - 5*c**2 - 6*c + 7. Let r be ((-2)/(-4))/(8/96). List the prime factors of o(r).
7
List the prime factors of -208*(-3 + 0)*(-1)/(-3).
2, 13
Let q = -28 + 16. Let u be ((-30)/(-7))/((-1)/(-7)). Let d = u + q. List the prime factors of d.
2, 3
Let a = -13 + 19. Let o = a - 3. What are the prime factors of o?
3
Let d be 3/24 - (-65)/(-8). List the prime factors of (-12)/d*(-48)/(-9).
2
Let j = 10 + -6. List the prime factors of j.
2
Let f = 4 + -4. Suppose f = -5*k + 8 + 7. List the prime factors of k.
3
Let q(m) = -1 - 33*m**3 + 34*m**3 - 3 - 8*m + 3*m**2. List the prime factors of q(-4).
2, 3
What are the prime factors of 1632/22 - (-2)/(-11)?
2, 37
Suppose -z - 2*b + 16 = 3*z, 0 = 4*z + b - 18. List the prime factors of z.
5
Let n(l) = l**2 + 8*l + 11. What are the prime factors of n(-9)?
2, 5
Let n(m) be the third derivative of m**6/120 + m**5/20 + m**4/12 + m**3/2 + m**2. What are the prime factors of n(-2)?
3
Suppose -15 = -5*o, 2*a = 4*o + 4 + 24. What are the prime factors of a?
2, 5
Let c(q) = 6*q**2 + 2*q - 6. What are the prime factors of c(-4)?
2, 41
Let q = 7 + -5. Suppose 8*b + 5*a = 4*b + 60, -q*a - 32 = -4*b. Suppose -2*d - 3*d = -b. What are the prime factors of d?
2
Let d = -5 - -8. Suppose 3*s = 4*m + 1, d*s - 10 = m - s. Suppose 4 = 4*v, 5*k - 29 = m*v - v. What are the prime factors of k?
2, 3
Suppose 0*c = 4*c - 100. What are the prime factors of c?
5
Suppose -2*w + 562 = -212. What are the prime factors of w?
3, 43
Suppose 0 = -11*h + 14*h - 168. Suppose 0 = -5*d + 4 + h. List the prime factors of d.
2, 3
Suppose -4*s + 68 = -3*i - 57, -5*s + 3*i = -157. What are the prime factors of s?
2
Let b(o) = 8*o - 7. List the prime factors of b(5).
3, 11
Let v = -4 - -3. Let n be (v - 0) + 24/(-4). Let w = 11 + n. List the prime factors of w.
2
Let i(m) = -7*m + 8. Let a be i(-6). Let k = -21 + a. Let l = k - 18. What are the prime factors of l?
11
Suppose 3*i + 0*q - 27 = -q, 3*i + 3*q - 27 = 0. Let n = 2 + i. What are the prime factors of n?
11
Let t(b) = -36*b + 1. Let w be t(-2). Let u = w + -50. List the prime factors of u.
23
Let g be -1 - 1 - (-6 - 11). Let v = g + -4. List the prime factors of v.
11
Suppose 1 = 2*v + 3*u + 53, -4*v - 96 = 4*u. Let k be (v/25)/((-4)/10). Let f = 4 - k. List the prime factors of f.
2
Let y be ((-2)/(-3))/(14/63). What are the prime factors of ((-27)/12)/(y/(-16))?
2, 3
Suppose -3*k - 15 = 0, d + 0*d = -5*k + 33. List the prime factors of d.
2, 29
Suppose 15 + 9 = 4*j. Let t be (-4)/j*(-6 + -3). Suppose -t*p + 28 = -2*p. List the prime factors of p.
7
Suppose -4*n = 2 - 6, -2*h = -3*n - 97. What are the prime factors of h?
2, 5
List the prime factors of (-7 + -2)*(-1 + 0).
3
Suppose -5*s - 112 = -447. What are the prime factors of s?
67
Let p(m) = m**3 + 6*m**2 + 2*m + 1. Let j be p(-5). Let h = 28 - j. What are the prime factors of h?
2, 3
Suppose -2*z = 34 - 178. What are the prime factors of z?
2, 3
Let k(x) = -130*x**3 + x**2 + 5*x + 4. List the prime factors of k(-1).
2, 5, 13
Let m be -2*(-2 - (-2 + 2)). Let i = m + -2. List the prime factors of i/4 + (-42)/(-4).
11
Let p(s) = -s**2 - 9*s + 12. Let k be p(-10). Suppose u - 4 + k = 0. What are the prime factors of u?
2
Suppose -476 = -6*l + 202. What are the prime factors of l?
113
Let k(s) = s**3 + s**2 + 3*s - 3. Let z be k(2). What are the prime factors of (1 - (2 + -3)) + z?
17
Let g(m) = -m**3 + 4*m**2 + m - 4. Let f be g(4). Suppose 0 = -d - f*d + 27. Suppose 0 = 2*w - v - d, v - 38 = w - 4*w. What are the prime factors of w?
13
Let k = -24 + 28. Let n(r) be the third derivative of r**5/30 - r**4/4 + r**3/2 + r**2. What are the prime factors of n(k)?
11
Suppose 2*z + 3*z = -200. Suppose 5 - 2 = -3*w. List the prime factors of w/(-2*(-2)/z).
2, 5
Let f(r) = 2*r**3 + 5*r**2 + 2*r - 7. Let m be f(-3). Let c = m - -54. What are the prime factors of c?
2
Let g = -4 - 4. Let f(y) = -3*y - 4. Let a be f(g). Suppose a = 2*q - q. List the prime factors of q.
2, 5
Let n(k) = 8*k + 7. Suppose -5*f + 2 = -18. Let y(x) = 3*x + 2. Let v(c) = f*n(c) - 11*y(c). What are the prime factors of v(0)?
2, 3
List the prime factors of (-30)/30 - (-1 + -9).
3
Let n = -4 - -3. Let v = n + 6. What are the prime factors of v?
5
Suppose 0 = -y + 5*y - 76. Suppose h - 4 = -4*l, 0*h = 3*h + 5*l - y. Suppose h*i = 3*i + 40. List the prime factors of i.
2
Suppose -2*b = 3*t - 235, -2*b + 0*b + 241 = -3*t. What are the prime factors of b?
7, 17
Let f = 64 + -44. Suppose 89 = 2*j + 3*d, 4*d + f - 225 = -5*j. What are the prime factors of j?
37
Let w(z) = z + 4. Let u be w(0). Suppose -g = -u*g + 159. List the prime factors of g.
53
Suppose -3*p + 111 = -39. What are the prime factors of p?
2, 5
Let i = -18 + 19. What are the prime factors of 9*(-4)/(-4)*i?
3
Let m(n) = n**3 + 6*n**2 + 3*n - 6. Suppose -b - 2*k = -3*b + 4, 18 = 5*b - k. Let q(g) = -g - 1. Let o be q(b). What are the prime factors of m(o)?
2
Suppose -2*z - 3*z + 15 = 0. Let d(w) = -w**2 - z + 0 - 2*w**2 + 3*w + w**3. What are the prime factors of d(3)?
2, 3
Let x(p) = p**2 + 9*p + 13. Let i be x(-9). What are the prime factors of (i/(-2))/(2/(-4))?
13
What are the prime factors of 135/36 - (-3)/(-4)?
3
Let z(q) be the first derivative of -q**3/3 + 11*q**2/2 - 6*q - 2. Let b be z(5). Suppose w = -w + b. What are the prime factors of w?
2, 3
Let i(r) = -r**2 + 2*r + 7. Let n = 17 - 14. What are the prime factors of i(n)?
2
Let p = 11 + -7. List the prime factors of p.
2
Let s be 3/6*(-3 - 1). Let w = s - -4. Suppose 6*t - t = w*l + 109, 0 = -l - 2. List the prime factors of t.
3, 7
Suppose 2*u + 10 = -3*u, -6 = q + 4*u. Suppose 6*l - 96 = q*l. What are the prime factors of l?
2, 3
Let k = 70 - -22. Let q = -47 + k. Let r = q + -23. List the prime factors of r.
2, 11
Let x be -1*2*(-10)/4. Suppose -s + x = -6. List the prime factors of s.
11
Suppose 3*t + 4*i = -8, -i + 14 = t - 3*i. Suppose 3*w + 0*b + 2*b - 44 = 0, t*b - 16 = -2*w. What are the prime factors of w?
2, 3
Let z(a) be the second derivative of a**6/144 + a**5/120 - a**4/12 - a. Let s(f) be the third derivative of z(f). What are the prime factors of s(1)?
2, 3
Let r = 13 - 9. Suppose -2*s + 3*x = -s - 11, -5*s + 93 = r*x. What are the prime factors of s?
17
Suppose -5*l + 4*u - 2 = -28, 4*l = -2*u. Suppose 51 = 3*f + l*s, 0 = -2*s - s. List the prime factors of f.
17
Let s(h) = h**3 - 16*h**2 + 16*h - 15. Let b be s(15). Suppose 3*c - w + b*w - 101 = 0, 2*w + 100 = 3*c. List the prime factors of c.
2, 17
Let o(i) = i**3 + 5*i**2 + 3. Let r be o(-3). Suppose -t + 7 = 5*w, -t + 5*w = -4*t + r. List the prime factors of t.
7
Let d(q) = 9*q + 1. Let f be d(2). Let t = -10 + f. Suppose 5*x - 26 - t = 0. What are the prime factors of x?
7
Suppose 4*l = 5*i + 192, 4*i = -3*l + 3*i + 125. List the prime factors of l.
43
Suppose -3*t + 13 = -2*x + 3, 5*x + 25 = t. Suppose 3*q - q - 44 = t. List the prime factors of q.
2, 11
Let w(k) = k**3 - 2 - 3 + 8*k - 5*k**2 - 2*k. What are the prime factors of w(5)?
5
Let p = 79 + 7. List the prime factors of p.
2, 43
Let m(r) = -r**2 + 4*r - 5. Let w be m(3). 